 when d is divided by q.
13
Let t(f) = -5*f**3 - 3*f**2 - f - 2. Let i(g) = -g + 0*g + 0*g + 2*g - 7. Let h be i(5). Calculate the remainder when t(h) is divided by 5.
3
Let c = 414 - 418. Calculate the remainder when 597 is divided by 2523/42 - c/(-56).
57
Let o = -4860 - -4889. Calculate the remainder when 192 is divided by o.
18
Let c = 13 + 211. Let k = c - 199. Calculate the remainder when 123 is divided by k.
23
Let q = 11 + -15. Let b = 6 - q. Suppose 330 = 51*c - 588. Calculate the remainder when c is divided by b.
8
Let t(s) = 5*s**2 + 9*s + 6. Let j be t(-3). Suppose -5*i + 4*x = 5*x - 23, 3*i + 4*x = j. What is the remainder when 18 is divided by i?
2
Suppose -5*x - 15 = 0, y + 5*x = -0*y - 15. Suppose n - 4 + y = 0. Calculate the remainder when (-3)/(-24) + (-906)/(-48) is divided by n.
3
Suppose 0 = -56*v + 631 + 489. What is the remainder when 428 is divided by v?
8
Suppose l + 4*l - 317 = -7*n, 5*l = -n + 281. What is the remainder when 87 is divided by l?
32
Suppose 0 = -15*g + 16*g - 7. Suppose -g*o - 44 = -11*o. Calculate the remainder when 85 is divided by o.
8
Suppose 6*z + 16*z = 10675 - 4449. What is the remainder when z is divided by 95?
93
Suppose -40*q + 44 = -44*q. Let u(a) = a**3 + 12*a**2 + 6*a - 4. Let f be u(q). Let r = f + -26. What is the remainder when 72 is divided by r?
22
Let i be 6/14 - (77832/42)/12. Calculate the remainder when ((i/4)/(-7))/(1/22) is divided by 31.
28
Suppose -77*z = -71*z - 96. What is the remainder when 149 is divided by z?
5
Let c = -7043 + 7265. What is the remainder when c is divided by 12?
6
Suppose -80*z + 12539 - 4379 = 0. What is the remainder when 2138 is divided by z?
98
Let c = -653 - -821. Calculate the remainder when c is divided by 48.
24
Suppose -8*h - 56 = -88. Calculate the remainder when -1 + (3 - -2*106/h) is divided by 29.
26
Let f(o) = 103*o + 6128. Let t(h) = 2*h**2 + 5*h + 4. What is the remainder when t(11) is divided by f(-59)?
46
Let b = 3 + -5. Let p = 531 + -490. Calculate the remainder when p is divided by (-220)/(-15) + b/3.
13
Let p be 5 + (-56)/10*(-95)/(-38). Let z(s) = 6*s**2 - 26*s - 2. Calculate the remainder when z(p) is divided by 15.
13
Let w be ((-296)/3)/(5/(-15)). Suppose 3*s + 119 - w = 0. What is the remainder when 293 is divided by s?
57
Let w(i) = -i**3 - 2*i**2 + 11*i + 6. Let b be w(3). Let q(g) = -22*g - 45. Calculate the remainder when q(b) is divided by 22.
21
Let y(w) = w**3 - 32*w**2 + 62*w + 21. Calculate the remainder when 737 is divided by y(30).
8
Suppose -80*o + 5460 = -73*o. Suppose 34*b - o = 8*b. Calculate the remainder when 100 is divided by b.
10
Let z be ((-6)/(-4))/((4/(-8))/(-1)). What is the remainder when 61 is divided by (3 + -1 - z)/(2/(-34))?
10
Let v(w) = 137*w - 8881. Calculate the remainder when v(102) is divided by 1018.
3
Let w = 197 + -199. What is the remainder when 49 is divided by 2/w - (-180)/15?
5
Let p(l) = 5*l + 4. Suppose 5*y - 254 - 110 = t, t - 6 = 0. Calculate the remainder when y is divided by p(4).
2
Let r = 100 + 388. Let a = r - 330. What is the remainder when a is divided by 10?
8
Let k = 6479 + -5236. What is the remainder when k is divided by 208?
203
Let m(g) = 6*g + 130. Suppose s = -6*f + 4*f - 41, -1 = -s. What is the remainder when 18 is divided by m(f)?
2
Let j = 40 + 263. Let c = -289 + j. What is the remainder when 17 is divided by c?
3
Let r = 9 + 11. Suppose 1 = -f + r. Let b = f - 5. Calculate the remainder when 39 is divided by b.
11
Calculate the remainder when 465 is divided by ((-16)/(-12))/(110/108 - 1) + -4.
57
Suppose 0*l = -2*l + 2*m + 5876, 5*l - 14730 = -3*m. Calculate the remainder when l is divided by 95.
93
Let h(u) = -70*u - 24. Let d be h(-5). Suppose -d = -16*w + 362. Calculate the remainder when 1/(-1) + -2 + 88 is divided by w.
42
Let c = -9318 + 9353. Calculate the remainder when 61 is divided by c.
26
Let d(n) = n**3 - 70*n**2 + 269*n - 102. What is the remainder when d(66) is divided by 115?
113
What is the remainder when (-10 - -3)*(-6 - -3*(-3904)/168) is divided by 13?
10
Let x = 297 - 236. What is the remainder when 324 is divided by x?
19
Let p = 6347 - 6309. What is the remainder when 305 is divided by p?
1
Let u = 384 + -361. Let c(f) = -30*f - 3. Let x be c(-1). Calculate the remainder when u is divided by (18/x)/(2/36).
11
Suppose -775 = -4*h - 3*i, -3*h = 3*i - 217 - 368. Suppose 2*n - n - 3*o = 2, -5*n = 4*o - 10. What is the remainder when h is divided by n/(-3) + 392/12?
30
Let u be -3 + ((-903)/(-28) - (-15)/(-12)). Suppose 0 = 4*d - 4, -2*d = -20*q + 15*q + u. What is the remainder when 14 is divided by q?
2
Suppose -12*a - 522 = -15*a. Suppose 0 = 56*m - a - 330. What is the remainder when 50 is divided by m?
5
Suppose -4*b = 4*i - 92, 2*b + 84 = 3*i - 0*i. What is the remainder when i is divided by -3*(-6)/16*-2*192/(-27)?
10
Let c = -346 + 402. Suppose -c*n + 637 = 21. What is the remainder when 1021 is divided by n?
9
Let g(k) be the second derivative of 37*k**4/12 + 2*k**3/3 - 3*k**2/2 + 16*k. Calculate the remainder when g(1) is divided by 10.
8
Suppose -2*g = -2*o - 720, 5*g - 597 + 1701 = -3*o. Let t = 464 + o. What is the remainder when t is divided by 17?
16
Let a(z) = z**3 + 16*z**2 + 26*z - 23. Let g be a(-14). Suppose -g*m = -4*m - 41. What is the remainder when m is divided by 47/5 - 4/10?
5
Let c = 857 + -852. Suppose c*f + 122 = 4*g, -5 = 3*f + 1. Calculate the remainder when 951 is divided by g.
27
Suppose 0 = 4*a + 1332 + 276. Let s = -380 - a. Suppose 0 = -6*d + 5*d + 12. Calculate the remainder when s is divided by d.
10
Suppose -4*x - 4*q + 96 = 0, 67 + 15 = 3*x - 2*q. Suppose -x = j - 59. What is the remainder when j is divided by 18?
15
Suppose 3*j - 2*w - 3798 = 3*w, 2*j = w + 2518. Calculate the remainder when j is divided by 18.
14
Let z(r) be the second derivative of 19*r**3/3 - r**2/2 - 4*r. What is the remainder when z(3) is divided by (70 + 85)*3/15?
20
Let q be (-30)/36 - 1409/(-6). Suppose q = 52*d - 34*d. Calculate the remainder when 23 is divided by d.
10
Calculate the remainder when 2614 + (12/(-10))/(38/285) is divided by 87.
82
Let j = -16 + -17. Let z = j + 77. What is the remainder when 82 is divided by z?
38
Let r = -4715 - -8080. What is the remainder when r is divided by 102?
101
Let z(p) = 534*p - 941. What is the remainder when 140 is divided by z(2)?
13
Calculate the remainder when (-5)/10*4 + (-2 - -96 - -3) is divided by 33.
29
Let t = -3702 - -5739. What is the remainder when t is divided by 137?
119
Let b(s) = -s**3 + 24*s**2 - 114*s + 20. Let o = 29 - 15. What is the remainder when b(7) is divided by o?
13
Let g(a) be the third derivative of -a**5/30 - 25*a**4/12 + 19*a**3/6 + 15*a**2. Calculate the remainder when 25 is divided by g(-25).
6
Let l(q) = -14*q - 1212. What is the remainder when l(-95) is divided by 22?
8
Suppose -17*s + 12*s + 2*r = -2031, -417 = -s + 4*r. Calculate the remainder when s is divided by 137.
131
Suppose -6*j = -j. Suppose 2 = 2*m, 7*t - 2*t - 4*m - 681 = j. Suppose -t - 103 = -6*l. Calculate the remainder when l is divided by 22.
18
Let d(q) = 445*q. Let i be d(1). Let c = 579 - i. What is the remainder when c is divided by 32?
6
Let j be -3 + (4/5)/(8/2400). Suppose -539 - j = -8*k. What is the remainder when k is divided by 9?
7
Suppose 2*x + 2*h = -3*x + 98, -h - 101 = -5*x. Let f = -36 + 293. What is the remainder when f is divided by x?
17
Let q = -19 - -26. Suppose p - q*p = 18. Calculate the remainder when (-34)/(-8)*(p + 7) is divided by 6.
5
Suppose -2344 = 22*t - 4839 - 7185. Calculate the remainder when t is divided by 77.
55
Suppose 2*y = 5*m + 8 + 1, 18 = -2*m - 4*y. Let p(g) = -g**3 + 6*g**2 - 238*g + 940. What is the remainder when (11/m)/((-1)/15) is divided by p(4)?
15
Let c = 45 + -48. Let r = c + 30. Suppose -r*a = -24*a - 75. What is the remainder when a is divided by 4?
1
Let w be 3 + -5 + 4 - 3. Let i(c) = 58*c**2 - 5*c - 5. Calculate the remainder when i(w) is divided by 5.
3
Let i(p) = -p**2 + 33*p + 149. What is the remainder when i(30) is divided by 62?
53
Let b = -2799 - -3602. What is the remainder when b is divided by 26?
23
Suppose -4*y - 7*y + 216 = 7*y. Calculate the remainder when 79 is divided by y.
7
Let v(g) be the third derivative